83*w. Let u = b + w. List the prime factors of u.
2, 3, 11
Let g = -691 + 751. What are the prime factors of (-1146)/(9/g*-4)?
2, 5, 191
Let p = 393 - 305. Let w = 1261 + p. What are the prime factors of w?
19, 71
Suppose 5*s - 115 = -90. Suppose 4*h - 863 = -i, -3*h = -i + s*i - 3465. List the prime factors of i.
3, 17
List the prime factors of (-324)/270*(-10115)/3.
2, 7, 17
Suppose -2*r + 6 = 3*m - 16, 0 = -m + 2*r - 6. Suppose -15*y + 18*y + 7304 = 5*l, -y = -m*l + 5839. What are the prime factors of l?
1459
Let y(j) = -913*j - 1176. What are the prime factors of y(-15)?
3, 13, 107
Let v(s) be the first derivative of 17*s**2/2 + 3*s - 9. Let r be v(-9). Let j = -93 - r. What are the prime factors of j?
3, 19
Let n = 38 + -29. List the prime factors of (258/n)/(2/45).
3, 5, 43
Let q = -13385 - -22479. What are the prime factors of q?
2, 4547
Let b(q) = -1463*q + 488. What are the prime factors of b(-7)?
10729
Let p(t) = 44*t**2 - 10*t + 252. List the prime factors of p(12).
2, 3, 7, 11
Let z = 11162 - 6887. List the prime factors of z.
3, 5, 19
Let r be 104/17 - 4/34. Suppose -582 = -2*m - 0*g - 4*g, 0 = 2*g - r. List the prime factors of m + 1 - (7 + -3).
2, 3, 47
Suppose -640 = 129*q - 131*q. Suppose l + 2*m = 397, 0 = 3*l - 2*m - q - 847. List the prime factors of l.
17, 23
Suppose z - 87 = -72. Let r(w) = w - 1. Let p(a) = 11*a + 78. Let y(q) = p(q) - 4*r(q). What are the prime factors of y(z)?
11, 17
Let z be 0/(-37)*2/10. Suppose z = -3*x + 1022 + 97. List the prime factors of x.
373
Let l = 25274 + -18001. List the prime factors of l.
7, 1039
Let i be 504/(-35)*(-1865)/2. Suppose -26*m + 1782 = -i. List the prime factors of m.
3, 5, 13
Let i be (-20)/15 - 48/(-36). Let d(u) = u**2 - 13*u + 462. List the prime factors of d(i).
2, 3, 7, 11
Suppose -b = -2939 + 881. Let o = 2916 - b. List the prime factors of o.
2, 3, 11, 13
Let z be 21/56*6*4. Suppose z*g - 12*g = -321. List the prime factors of g.
107
Let y(q) = -q**3 + 19*q**2 + 14*q + 11. Let n be y(18). Let p(a) = -2*a - 13*a**3 + 1 + n*a**2 - 590*a**2 + 97*a**3 + 3*a. What are the prime factors of p(1)?
83
Suppose 5*i - 2*s - 498 = 0, 86 = 4*i - 3*s - 318. Let n = 6 - 2. Suppose -n*k = 3*k - i. What are the prime factors of k?
2, 7
Let z(u) = -5*u + 2. Let g be z(0). Suppose -4*d - 600 = -g*k, 0*d + d = k - 303. Suppose -3*m - 27 = -k. What are the prime factors of m?
3, 31
Let r be (-9)/270*-4 + (-17312)/15. Let d = 2145 + r. What are the prime factors of d?
991
Let m(p) = -1714*p + 2453. List the prime factors of m(-29).
43, 1213
Let j(g) be the second derivative of g**4/12 + 10*g**3/3 - 22*g**2 - 3*g + 8. Let y be j(-22). Suppose y = 4*s - 6*s + 264. List the prime factors of s.
2, 3, 11
Let p(t) = 8*t**2 + 31*t - 1335. List the prime factors of p(-60).
3, 5, 569
Let y = -9710 + 10502. List the prime factors of y.
2, 3, 11
Let m = 4813 - -1571. List the prime factors of m.
2, 3, 7, 19
Let h = 512 - 346. Let w = 388 - h. List the prime factors of w.
2, 3, 37
Let z be (-5)/(-120)*-4*-6. Let r(c) = 131*c**2 - 3*c + 3. List the prime factors of r(z).
131
Let q = 79 + -74. Suppose q*a - 175 = -5*v, 4*a = 5*v + 3*a - 199. What are the prime factors of ((-13)/v)/(-1*(-2)/(-426))?
71
Suppose -130 = -13*k + 156. Suppose -6*u = -2*u + 16. What are the prime factors of k/u + 6 - 69/(-2)?
5, 7
Suppose -40 = -0*w - w. Let t = -35 + w. Suppose 0 = -3*l + l - 4*b + 222, 3*l = -t*b + 328. List the prime factors of l.
101
Suppose 3*i + 2*f + 0*f - 16 = 0, 4*f - 14 = 3*i. Suppose 0 = -4*s - b - 1345, -4*b + 332 = -i*s + s. What are the prime factors of -4 - s/3 - 2?
2, 53
Suppose -58570 = -29*r + 5549. What are the prime factors of r?
3, 11, 67
Suppose 1710 + 720 = -15*v. Let n = v + 314. Suppose -w - 4*j + 0*j + 79 = 0, 5*j = -2*w + n. What are the prime factors of w?
71
Suppose 0*r - 2 = k - 2*r, 4*k - 4*r + 28 = 0. Let g be ((-6)/k)/((-2)/(-2008)). List the prime factors of (-10)/25 + g/5.
2, 5
Let n be ((-1131)/(-4))/((-9)/(-252)). Suppose -31*z + 14930 = -n. List the prime factors of z.
11, 67
Suppose 242*g = 423*g - 212*g + 848687. What are the prime factors of g?
7, 3911
Let w(m) = 8*m + 1619. Let p(b) = 4*b + 1. Let t(f) = -6*p(f) + w(f). What are the prime factors of t(0)?
1613
Let o(k) = 8*k**2 - 47*k - 12. Let t(n) = 2*n**2 + 8*n + 15. Let r be t(-3). What are the prime factors of o(r)?
3, 71
Let r = 82 - -640. What are the prime factors of r?
2, 19
Let i(o) = 490*o - 4461. What are the prime factors of i(48)?
3, 6353
Let k be 3 + 13 + 0 + (-40)/(-8). List the prime factors of 1/(12/(-968))*(3 - k).
2, 3, 11
Suppose 2*j + 3*f = 54784, -56319 = -4*j - 2*f + 53225. What are the prime factors of j?
139, 197
Let l = 58 + -55. Suppose -5*g = -l*m + 1097, -4*g + 1816 = 4*m + m. What are the prime factors of m?
2, 7, 13
Let a(j) = -4*j - 18. Let g be a(4). Let l = -4 - g. Let c = l - 26. List the prime factors of c.
2
Let b(t) = t**2 + 34. Let g = -147 + 82. Let k be (-5)/(25/g)*2/2. List the prime factors of b(k).
7, 29
Let c(y) = -2*y**2 - 69*y + 45. Suppose -1143 - 365 = 52*d. What are the prime factors of c(d)?
2, 7, 13
Suppose 2*u = 5*p - 326600, -3*p - 5*u + 104645 + 91284 = 0. What are the prime factors of p?
2, 11, 2969
Let s be (-2 + 0)/(13/(-325)). Let l(h) = -49 + 9*h**2 - s + 4*h + 93. List the prime factors of l(3).
3, 29
Suppose -2 = -5*r + 2*w, 0 = -5*r - w - 3*w - 4. Suppose r = -l - 0*l + 143. Suppose 5*o - g = -5*g + l, g + 96 = 3*o. List the prime factors of o.
31
Let n = -194 - -199. Suppose -n*o = -0*o - 715. List the prime factors of o.
11, 13
Suppose -728 = -2*g + 4*p, p - 4*p = -2*g + 724. Let a = g + 57. What are the prime factors of a?
7, 59
Suppose -9*q - 88 + 268 = 0. What are the prime factors of (-24)/q + 44480/25?
2, 7, 127
Let u = 3918 - -1714. List the prime factors of u.
2, 11
Suppose 8 = 3*m - 4*s - 10, -5*m = -3*s - 19. Suppose -23 + 9 = -m*z. List the prime factors of z.
7
Let s(t) = t**3 - 3*t**2 + 2*t - 1. Let o be s(2). List the prime factors of (-36 + o)*-8 - 3.
293
Suppose -5*q - 20 = 5*g, -2*g + 4*q - 13 = 25. Suppose -5*u = -5*c - 59 - 101, 4*u + 4*c = 112. List the prime factors of 8*(g/u)/((-6)/265).
2, 53
Suppose -u = -5*w + 141368, -4286*w + 28270 = -4285*w + u. List the prime factors of w.
7, 577
Let v = 645 + 454. What are the prime factors of v?
7, 157
Let k(m) = 63*m**3 - 39*m**2 + 223*m - 15. What are the prime factors of k(6)?
3, 167
Let c = 5021 + 3627. List the prime factors of c.
2, 23, 47
Let r be 1 + 14/(0 + 7). Suppose -2159 = -5*h - 3*u + 2518, 5*u + 2779 = r*h. What are the prime factors of h?
3, 311
Let c = -5199 + 10792. List the prime factors of c.
7, 17, 47
Suppose 150*k + 45 = 151*k. Let x = k + -40. Suppose l + x + 0 = 0, -2*f + 5*l = -345. What are the prime factors of f?
2, 5
What are the prime factors of 1397/9 - 314/1413?
5, 31
Let y be 3*4/5*(-20)/12. Let t be (-51)/17*(0 + y/(-6)). What are the prime factors of 462/3 + 0/(0 - t)?
2, 7, 11
Suppose -2*p - 293 = -5*t + 5206, -3*p - 3294 = -3*t. Let k(i) = i**2 - 6*i + 7. Let r be k(6). Suppose -72 = r*d - t. What are the prime factors of d?
3, 7
Suppose 1037 = -3*x + 2630. Suppose 0 = -4*q + 3*u + 57 + 367, 0 = -5*q + 4*u + x. What are the prime factors of q?
103
Suppose 3*v = 2*r + 51 + 13, -3*v = 3*r - 54. Suppose -2*c - v = -12. Let s = c - -148. List the prime factors of s.
2, 3
Suppose 3*l = 130 + 86. Let j = -38 - -22. List the prime factors of l/j*(-8)/6.
2, 3
Let x(l) = -l**2 + 21*l - 22. Let f be x(24). Let q = f + 264. What are the prime factors of q?
2, 5, 17
Let i be (-6)/(-13 + 10)*(3 - 2). Suppose 0 = -z - 1 + 4. Suppose -2*m - 3*v = i*v - 3, 4*m + z*v = 41. List the prime factors of m.
2, 7
Let u be -36*(-2 - 2) + 3/3. Suppose 0 = 148*y - u*y - 387. List the prime factors of y.
3, 43
Let s(a) = -87*a - 1295. List the prime factors of s(-17).
2, 23
Suppose -7 = -s - 0. Let j = 13 - s. Let i(z) = 17*z. List the prime factors of i(j).
2, 3, 17
Let d(q) = -q + 13. Let f be d(3). What are the prime factors of (-189680)/(-720) - (f/(-18) - -1)?
263
Let y(z) = 4*z - 3 - z - 5 - 8. Let w be y(9). Suppose 4*j + 329 = w*j. List the prime factors of j.
47
Suppose t + 0 = -2*i + 3, -5*t = 5*i. Let d(n) = i*n + 38 - 6*n - 7 + 11*n. What are the prime factors of d(1